 Let m = p - 13. Let r(l) = 19*l + 4. Let q be r(5). Calculate the greatest common factor of q and m.
9
Suppose 0 = 7*d - 2*d - 20, 0 = -4*c + d + 108. Calculate the highest common factor of c and 14.
14
Suppose -10*r + 132 = 2*r. Calculate the highest common divisor of r and 88.
11
Suppose 4*q = 5*g + 33, q + 3 = g - 2*g. Suppose q*n - 4*u = 40 + 16, -2*n + u + 56 = 0. Calculate the highest common factor of 7 and n.
7
Suppose 5*l = y + 926, 0*l = l - 3*y - 188. What is the highest common factor of l and 37?
37
Suppose -o = -3*o - 6. Let b be -1 - (-2 - o)*-51. Suppose -3*l - 4*a = -29, -a = -5*l - 6*a + b. What is the highest common divisor of l and 88?
11
Suppose 0 = 3*f + 5*n - 280, f - 3*n = -0*f + 98. Calculate the greatest common factor of f and 19.
19
Let l(u) = 2*u + 2. Let r(j) = -j**2 - 3*j. Let w be r(-4). Let s be l(w). Let h = 13 + s. What is the highest common factor of h and 63?
7
Let o be (-129)/(-6)*1*2. What is the greatest common divisor of 172 and o?
43
Let q be ((-1)/(-3))/(3/27). Suppose 164 + 100 = q*c. Let a = -8 + c. Calculate the greatest common factor of a and 16.
16
Suppose -6*h - 95 = -767. Let z be -4*((-14)/8 + 1). Suppose z*a = h + 86. What is the greatest common divisor of 6 and a?
6
Suppose 0 = 4*u - g - 18, -6*u - g = -3*u - 10. Suppose m - u = -m. Calculate the highest common factor of m and 2.
2
Let u = 26 + -14. What is the highest common factor of u and 3?
3
Suppose 5*p - 4*c = 1100, 4*p + 57 = -5*c + 978. What is the highest common divisor of p and 32?
32
Let h = -42 + 96. Let v = h + -33. Calculate the greatest common factor of 21 and v.
21
Suppose 2*r - 13 = r. Calculate the greatest common factor of 39 and r.
13
Let f be ((-10)/8)/(1/(-68)). Suppose f - 285 = -4*z. Let r(n) = n**2 - 7*n + 10. Let u be r(7). Calculate the highest common factor of z and u.
10
Suppose 2*z - 6 = -3*u + 70, 4*u = 4*z - 112. Suppose -4*q - 8 = -6*q. Calculate the highest common factor of z and q.
4
Suppose -3*k = -5*a + 834, -3*a - a - 5*k + 682 = 0. Let c(d) = d + 24. Let u be c(0). What is the highest common divisor of a and u?
24
Let g be 2/(-5) - (-66)/15. Suppose -2*c + 80 = 6*h - 3*h, 4*h + 160 = g*c. Let t = -24 - -34. Calculate the greatest common factor of c and t.
10
Let z = -38 + 66. What is the highest common divisor of 7 and z?
7
Suppose 2*q - 184 = 32. What is the highest common factor of q and 12?
12
Let p(q) = -q + 18. Let j be p(8). Let u be (5/j)/((-2)/(-24)). Calculate the greatest common divisor of u and 24.
6
Suppose -662 = -4*g + 4*w + 274, -3*g - 3*w = -726. Suppose 2*p = -m + 98, 2*p + 3*p - g = m. Calculate the greatest common divisor of 72 and p.
24
Let s(o) = -o**3 + 3*o**2 - 4*o + 5. Let a be s(4). Let y be -12*(a/6)/1. Calculate the highest common factor of y and 6.
6
Suppose -5*k - 1 = -31. Let z be 16/k*54/24. Calculate the greatest common factor of z and 2.
2
Let i be -14 - -2 - 0 - -3. Let k be (32/(-2))/(8 + i). Calculate the greatest common factor of k and 128.
16
Suppose -4*z = 4*c - 40 + 4, 3*c - 5*z = -13. What is the greatest common factor of 32 and c?
4
Suppose 0 = -d, q - 7 + 2 = 3*d. Let n be 1/q - (-5)/(-25). Suppose n = 4*u - 4*b - 64, 4*u = 2*b - 5*b + 29. Calculate the greatest common divisor of u and 22.
11
Let k be (1 - 0/1)*0. Let f = 2 - k. Let x = 1 + 2. Calculate the greatest common factor of x and f.
1
Let q be (0 + -1)/((-1)/7). Suppose q + 13 = 4*f. Suppose 0 = 4*n - 3*n - 2. Calculate the highest common divisor of f and n.
1
Suppose -2*v = 3*z + 14 - 39, -2*v = -2*z. Let d be (10/7)/((-6)/(-42)). Calculate the greatest common divisor of d and z.
5
Suppose -j = 3*z - 10, 4*z + 5*j = 13 + 4. Suppose z*h + 8 = 4*h. What is the greatest common divisor of h and 4?
4
Let z(j) = 2*j**2 - 2*j - 4. Let w be z(4). What is the highest common factor of 50 and w?
10
Let v be (-2 - 6/(-5))/(8/(-20)). Calculate the greatest common factor of v and 8.
2
Let x(y) = 4*y**2 - 5*y + 5. Let z be x(3). What is the greatest common divisor of 52 and z?
26
Let s be -4*(117/12)/(-3). Let i = s - 21. Let w = 14 + i. Calculate the greatest common divisor of 6 and w.
6
Suppose 2*v + 10 = -4*l, -2*v + 27 = -5*v - 2*l. Let c = v + 16. Calculate the greatest common factor of c and 5.
5
Let p be 5/5*(2 - -111 - -1). Calculate the greatest common divisor of p and 6.
6
Let b(z) = -z**2 - 10*z + 2. Let d be b(-8). What is the greatest common factor of d and 45?
9
Let x be ((-86)/4)/(4/(-120)). Suppose 5*a = x - 105. Calculate the greatest common factor of 18 and a.
18
Suppose -9 + 109 = 2*h. Let t = h + -27. What is the highest common divisor of t and 69?
23
Let c = -5 + 7. Let b be (-8)/(-2*c/8). Calculate the greatest common divisor of b and 16.
16
Let w(h) = -2*h**2 + 18*h + 5. Let n be w(9). What is the greatest common divisor of 115 and n?
5
Suppose -n - 2 = 1. Let b be (2/n)/(2/12). Let q(z) = z**3 + 4*z**2 + 3. Let h be q(b). Calculate the greatest common divisor of 2 and h.
1
Suppose 6*y - 3*y - 21 = 0. Suppose 5*n + y - 12 = 0. Calculate the greatest common divisor of n and 9.
1
Let z = 4 - -4. Let k be ((-2)/3)/(z/(-12)). What is the greatest common factor of k and 7?
1
Let u be ((-2)/4)/((-4)/96). Let j be (10 + -1)*u/3. Calculate the greatest common divisor of 18 and j.
18
Let b be -1 + 1 - (5 - 41). What is the highest common divisor of 54 and b?
18
Let k(z) = z + 23. Let j be k(-8). What is the highest common factor of j and 6?
3
Let j(n) = -7*n + 1. Let l be j(-6). Suppose -2*c - 3*d = 3*c - 52, -4*c - d = -l. Let r = -5 - -6. Calculate the greatest common divisor of c and r.
1
Let i(d) = -54*d - 14. Let g be i(-3). What is the highest common divisor of g and 37?
37
Let r be (-75)/(-10)*8/10. Let b = 9 + -4. Suppose 0*h - 2 = 3*h - b*x, 4*x = 5*h - 14. Calculate the greatest common divisor of h and r.
6
Suppose 2*y + 57 = 5*s, 4*y - 30 = -3*s + y. Suppose 4*v - 2 = 174. Calculate the greatest common divisor of s and v.
11
Suppose -3*y - 2*y + 20 = 0. Let u be ((144/(-4))/y)/(-1). Calculate the greatest common factor of u and 9.
9
Suppose -m = -2*m + 12. Let d be m/7 + (-4)/(-14). Let h = 151 + d. Calculate the highest common divisor of h and 17.
17
Suppose 3*y - 27 = f, -3*y + 49 = 2*y - 3*f. Calculate the greatest common factor of 2 and y.
2
Let i(w) = -w**2 - 14*w + 3. Let g be i(-7). Let a(d) = -21*d - 8*d - g*d. Let x be a(-1). What is the greatest common divisor of x and 9?
9
Suppose 3*r - 2*r - 4*h = -15, -3*h + 40 = 5*r. Let n(f) = -f**3 + 8*f**2 + 6. Let o be n(r). Calculate the highest common factor of o and 9.
9
Let h(b) = b**2 + 2*b + 2. Let i be h(-2). Suppose 0 = i*m - 4, m = -4*o - 0*m + 66. Let n be 9/(-9)*-1*64. What is the greatest common divisor of n and o?
16
Let g be (0 - -6) + -1 - 2. Calculate the highest common factor of 1 and g.
1
Let p(w) = 30*w**2 + 3*w + 3. Let a be p(-1). Calculate the highest common factor of 60 and a.
30
Let w = 29 + -17. Calculate the highest common divisor of 12 and w.
12
Let o(u) = u + 5. Let x be o(-11). Let c be (2/x)/(6/(-54)). What is the greatest common divisor of c and 3?
3
Let h(g) = 52*g + 16. Let u be h(9). Calculate the highest common divisor of u and 44.
44
Suppose 3*y = 204 - 36. Calculate the highest common factor of 14 and y.
14
Let w = -4 + 0. Let k(p) be the third derivative of -p**4/24 + p**3/6 - 3*p**2. Let b be k(w). What is the highest common factor of b and 55?
5
Let w(c) = c**2 + 17*c + 53. Let y be w(-13). Let x be 1 - (1*6)/(-3). What is the highest common divisor of y and x?
1
Let w(h) = -h + 5. Let v be w(0). Suppose -4*d - 232 = -3*i - i, 0 = v*i + d - 302. Let j be 2/2*i + 0. What is the greatest common factor of j and 12?
12
Suppose 935 = -0*n + 5*n + 5*c, -3*n = -c - 569. Calculate the highest common factor of n and 21.
21
Let m(h) = -h + 16. Let g be m(11). Suppose -3*c = -0*c + 126. Let f = c - -62. What is the highest common divisor of f and g?
5
Let h = 10 + -6. Let d(k) = k**3 + 9*k**2 + 8*k + 16. Let v be d(-8). Calculate the greatest common factor of v and h.
4
Suppose 3*z - 2 - 1 = 3*k, -z - 7 = -3*k. Let x = -233 + 278. Calculate the greatest common factor of x and z.
5
Suppose -9 = -3*d, 0 = 2*k + 5*d - 53 - 10. Calculate the highest common divisor of 36 and k.
12
Let z = -77 + 109. What is the hi